{"id":7530,"date":"2021-03-27T14:20:52","date_gmt":"2021-03-27T14:20:52","guid":{"rendered":"http:\/\/dev.mket.hu\/?page_id=7530"},"modified":"2021-04-01T11:34:20","modified_gmt":"2021-04-01T11:34:20","slug":"rolunk","status":"publish","type":"page","link":"https:\/\/mket.hu\/index.php\/rolunk\/","title":{"rendered":"R\u00f3lunk"},"content":{"rendered":"<p>[vc_row][vc_column width=&#8221;1\/3&#8243;][vc_single_image image=&#8221;7549&#8243; img_size=&#8221;full&#8221;][\/vc_column][vc_column width=&#8221;2\/3&#8243;][vc_custom_heading text=&#8221;R\u00f3lunk&#8221; font_container=&#8221;tag:h2|font_size:65px|text_align:left|color:%236d6d6d|line_height:90px&#8221; google_fonts=&#8221;font_family:Ubuntu%3A300%2C300italic%2Cregular%2Citalic%2C500%2C500italic%2C700%2C700italic|font_style:700%20bold%20regular%3A700%3Anormal&#8221; css_animation=&#8221;bounceIn&#8221; css=&#8221;.vc_custom_1617276795823{border-radius: 4px !important;}&#8221;][\/vc_column][\/vc_row][vc_row][vc_column][vc_gallery interval=&#8221;3&#8243; images=&#8221;7519,7525,7526,7536&#8243; img_size=&#8221;full&#8221;][vc_row_inner][vc_column_inner width=&#8221;1\/2&#8243;][vc_column_text]<\/p>\n<p class=\"has-text-align-center\"><strong>2012:<\/strong>\u00a0Az MKET eln\u00f6k\u00e9v\u00e9 v\u00e1lasztj\u00e1k Rudolf Viktort, m\u00edg szakmai aleln\u00f6knek Papp Andr\u00e1st. Ugyanebben az \u00e9vben Dr. Kiss Csab\u00e1t bev\u00e1lasztj\u00e1k a Cogen Europe eln\u00f6ks\u00e9g\u00e9be.<\/p>\n<p class=\"has-text-align-center\"><strong>2014:<\/strong>\u00a0Mostant\u00f3l m\u00e1r az \u00e9v legjobb szab\u00e1lyoz\u00f3 k\u00f6zpontja d\u00edjra is lehet p\u00e1ly\u00e1zni.<\/p>\n<p class=\"has-text-align-center\">2016: Az MKET \u00faj eln\u00f6ke dr. Kiss Csaba. Szakmai aleln\u00f6k Papp Andr\u00e1s.<\/p>\n<p class=\"has-text-align-center\"><strong>2017:<\/strong>\u00a0A Cogen Europe aleln\u00f6k\u00e9v\u00e9 (Vice President) v\u00e1lasztj\u00e1k Dr. Kiss Csab\u00e1t<\/p>\n<p>[\/vc_column_text][\/vc_column_inner][vc_column_inner width=&#8221;1\/2&#8243;][vc_single_image image=&#8221;7545&#8243; img_size=&#8221;medium&#8221;][\/vc_column_inner][\/vc_row_inner][vc_row_inner][vc_column_inner width=&#8221;1\/2&#8243;][vc_single_image image=&#8221;7545&#8243; img_size=&#8221;full&#8221; style=&#8221;vc_box_shadow&#8221; css=&#8221;.vc_custom_1616855790546{background-position: center !important;background-repeat: no-repeat !important;background-size: contain !important;border-radius: 2px !important;}&#8221;][\/vc_column_inner][vc_column_inner width=&#8221;1\/2&#8243;][vc_column_text]<\/p>\n<p class=\"has-text-align-center\"><strong>2017<\/strong>. \u00e1prilisban megalakul a Szab\u00e1lyoz\u00f3 k\u00f6zpont munkabizotts\u00e1g, \u00f6sszefogva szab\u00e1lyoz\u00f3 k\u00f6zpontok \u00e9rdek\u00e9rv\u00e9nyes\u00edt\u00e9s\u00e9t.<\/p>\n<p class=\"has-text-align-center\"><strong>2017.<\/strong>\u00a0szeptember: A Cogen Europe a t\u00f6rt\u00e9net\u00e9ben el\u0151sz\u00f6r nem Br\u00fcsszelben, hanem Budapesten rendezi meg \u00e9ves konferenci\u00e1j\u00e1t, ami az MKET szakmai munk\u00e1j\u00e1nak egy\u00e9rtelm\u0171 elismer\u00e9se. A rendezv\u00e9nyen sz\u00f3 esett arr\u00f3l, hogy hogyan \u00e9s mivel f\u0171t\u00fcnk majd 2050-ben, melyek a v\u00e1rhat\u00f3 tendenci\u00e1k a kapcsolt energiatermel\u00e9sben, mi a Tiszta Energia Csomag c\u00e9lja \u00e9s jelent\u0151s\u00e9ge. A rendezv\u00e9nyr\u0151l k\u00e9sz\u00fclt \u00f6sszefoglal\u00f3:\u00a0<a href=\"https:\/\/mket.hu\/2017-szeptember-21-22-en-budapesten-rendeztek-meg-a-cogen-europe-eves-konferenciajat-2\/?fbclid=IwAR0uSp1sDSktl9tS-vWzoFUgPvh72vFqD67q00iffMFLSdrHoh_F4pNcJ9g\" target=\"_blank\" rel=\"noreferrer noopener\">https:\/\/mket.hu\/2017-szeptember-21-22-en-budapesten-rendezt\u2026\/<\/a><\/p>\n<p class=\"has-text-align-center\"><strong>2018:\u00a0<\/strong>A t\u00e1rsas\u00e1g meg\u00fajul\u00e1s\u00e1nak jegy\u00e9ben teljes arculatv\u00e1lt\u00e1s \u00e9s sz\u00e9khelyv\u00e1ltoz\u00e1s is t\u00f6rt\u00e9nik. A c\u00e9l, hogy az imm\u00e1r t\u00f6bb mint 20 \u00e9ves szervezet megfeleljen az \u00faj id\u0151k kih\u00edv\u00e1s\u00e1nak a digit\u00e1lis korban valamint a tags\u00e1g sz\u00e1m\u00e1ra magas szint\u0171 szolg\u00e1ltat\u00e1sokat ny\u00fajtson.<\/p>\n<p class=\"has-text-align-center\"><strong>2019.\u00a0<\/strong>\u00e1prilis: Papp Andr\u00e1st v\u00e1lasztj\u00e1k meg a t\u00e1rsas\u00e1g eln\u00f6k\u00e9v\u00e9, dr. Kiss Csab\u00e1t szakmai aleln\u00f6knek, m\u00edg Balogh Zolt\u00e1n az operat\u00edv aleln\u00f6ki poz\u00edci\u00f3t t\u00f6lti be.<\/p>\n<p>[\/vc_column_text][\/vc_column_inner][\/vc_row_inner][vc_row_inner][vc_column_inner width=&#8221;1\/2&#8243;][vc_column_text]<\/p>\n<p class=\"has-text-align-center\"><strong>2012:<\/strong>\u00a0Az MKET eln\u00f6k\u00e9v\u00e9 v\u00e1lasztj\u00e1k Rudolf Viktort, m\u00edg szakmai aleln\u00f6knek Papp Andr\u00e1st. Ugyanebben az \u00e9vben Dr. Kiss Csab\u00e1t bev\u00e1lasztj\u00e1k a Cogen Europe eln\u00f6ks\u00e9g\u00e9be.<\/p>\n<p class=\"has-text-align-center\"><strong>2014:<\/strong>\u00a0Mostant\u00f3l m\u00e1r az \u00e9v legjobb szab\u00e1lyoz\u00f3 k\u00f6zpontja d\u00edjra is lehet p\u00e1ly\u00e1zni.<\/p>\n<p class=\"has-text-align-center\">2016: Az MKET \u00faj eln\u00f6ke dr. Kiss Csaba. Szakmai aleln\u00f6k Papp Andr\u00e1s.<\/p>\n<p class=\"has-text-align-center\"><strong>2017:<\/strong>\u00a0A Cogen Europe aleln\u00f6k\u00e9v\u00e9 (Vice President) v\u00e1lasztj\u00e1k Dr. Kiss Csab\u00e1t<\/p>\n<p>[\/vc_column_text][\/vc_column_inner][vc_column_inner width=&#8221;1\/2&#8243;][vc_single_image image=&#8221;7545&#8243; img_size=&#8221;large&#8221;][\/vc_column_inner][\/vc_row_inner][\/vc_column][\/vc_row]<\/p>\n","protected":false},"excerpt":{"rendered":"<p>[vc_row][vc_column width=&#8221;1\/3&#8243;][vc_single_image image=&#8221;7549&#8243; img_size=&#8221;full&#8221;][\/vc_column][vc_column width=&#8221;2\/3&#8243;][vc_custom_heading text=&#8221;R\u00f3lunk&#8221; font_container=&#8221;tag:h2|font_size:65px|text_align:left|color:%236d6d6d|line_height:90px&#8221; google_fonts=&#8221;font_family:Ubuntu%3A300%2C300italic%2Cregular%2Citalic%2C500%2C500italic%2C700%2C700italic|font_style:700%20bold%20regular%3A700%3Anormal&#8221; css_animation=&#8221;bounceIn&#8221; css=&#8221;.vc_custom_1617276795823{border-radius: 4px !important;}&#8221;][\/vc_column][\/vc_row][vc_row][vc_column][vc_gallery interval=&#8221;3&#8243; images=&#8221;7519,7525,7526,7536&#8243; img_size=&#8221;full&#8221;][vc_row_inner][vc_column_inner width=&#8221;1\/2&#8243;][vc_column_text] 2012:\u00a0Az MKET eln\u00f6k\u00e9v\u00e9 v\u00e1lasztj\u00e1k Rudolf Viktort, m\u00edg szakmai aleln\u00f6knek Papp Andr\u00e1st. Ugyanebben az \u00e9vben Dr. Kiss Csab\u00e1t bev\u00e1lasztj\u00e1k a Cogen Europe eln\u00f6ks\u00e9g\u00e9be. 2014:\u00a0Mostant\u00f3l m\u00e1r az \u00e9v legjobb szab\u00e1lyoz\u00f3 k\u00f6zpontja d\u00edjra is lehet p\u00e1ly\u00e1zni. 2016: Az MKET \u00faj eln\u00f6ke dr. [&hellip;]<\/p>\n","protected":false},"author":1,"featured_media":0,"parent":0,"menu_order":0,"comment_status":"closed","ping_status":"closed","template":"","meta":{"footnotes":""},"class_list":["post-7530","page","type-page","status-publish","hentry"],"featured_image_urls":{"full":"","thumbnail":"","medium":"","medium_large":"","large":"","mt_1250x700":"","mt_320x480":"","mt_900x550":"","1536x1536":"","2048x2048":"","yankeewp_related_post_pic500x300":"","yankeewp_post_pic700x450":"","yankeewp_post_widget_pic100x100":"","yankeewp_530x600":"","yankeewp_1150x400":"","yankeewp_1420x140":"","yankeewp_testimonials_150x150":"","yankeewp_clients_160x90":"","yankeewp_portfolio01_390x275":"","yankeewp_blogpost01_1420x170":"","yankeewp_about_625x415":"","yankeewp_testimonials02_250x530":""},"post_excerpt_stackable":"<p>[vc_row][vc_column width=&#8221;1\/3&#8243;][vc_single_image image=&#8221;7549&#8243; img_size=&#8221;full&#8221;][\/vc_column][vc_column width=&#8221;2\/3&#8243;][vc_custom_heading text=&#8221;R\u00f3lunk&#8221; font_container=&#8221;tag:h2|font_size:65px|text_align:left|color:%236d6d6d|line_height:90px&#8221; google_fonts=&#8221;font_family:Ubuntu%3A300%2C300italic%2Cregular%2Citalic%2C500%2C500italic%2C700%2C700italic|font_style:700%20bold%20regular%3A700%3Anormal&#8221; css_animation=&#8221;bounceIn&#8221; css=&#8221;.vc_custom_1617276795823{border-radius: 4px !important;}&#8221;][\/vc_column][\/vc_row][vc_row][vc_column][vc_gallery interval=&#8221;3&#8243; images=&#8221;7519,7525,7526,7536&#8243; img_size=&#8221;full&#8221;][vc_row_inner][vc_column_inner width=&#8221;1\/2&#8243;][vc_column_text] 2012:\u00a0Az MKET eln\u00f6k\u00e9v\u00e9 v\u00e1lasztj\u00e1k Rudolf Viktort, m\u00edg szakmai aleln\u00f6knek Papp Andr\u00e1st. Ugyanebben az \u00e9vben Dr. Kiss Csab\u00e1t bev\u00e1lasztj\u00e1k a Cogen Europe eln\u00f6ks\u00e9g\u00e9be. 2014:\u00a0Mostant\u00f3l m\u00e1r az \u00e9v legjobb szab\u00e1lyoz\u00f3 k\u00f6zpontja d\u00edjra is lehet p\u00e1ly\u00e1zni. 2016: Az MKET \u00faj eln\u00f6ke dr. Kiss Csaba. Szakmai aleln\u00f6k Papp Andr\u00e1s. 2017:\u00a0A Cogen Europe aleln\u00f6k\u00e9v\u00e9 (Vice President) v\u00e1lasztj\u00e1k Dr. Kiss Csab\u00e1t [\/vc_column_text][\/vc_column_inner][vc_column_inner width=&#8221;1\/2&#8243;][vc_single_image image=&#8221;7545&#8243; img_size=&#8221;medium&#8221;][\/vc_column_inner][\/vc_row_inner][vc_row_inner][vc_column_inner width=&#8221;1\/2&#8243;][vc_single_image image=&#8221;7545&#8243; img_size=&#8221;full&#8221; style=&#8221;vc_box_shadow&#8221; css=&#8221;.vc_custom_1616855790546{background-position: center !important;background-repeat: no-repeat !important;background-size: contain !important;border-radius: 2px !important;}&#8221;][\/vc_column_inner][vc_column_inner width=&#8221;1\/2&#8243;][vc_column_text] 2017. \u00e1prilisban megalakul a Szab\u00e1lyoz\u00f3 k\u00f6zpont munkabizotts\u00e1g, \u00f6sszefogva szab\u00e1lyoz\u00f3 k\u00f6zpontok \u00e9rdek\u00e9rv\u00e9nyes\u00edt\u00e9s\u00e9t.&hellip;<\/p>\n","category_list":"","author_info":{"name":"admin","url":"https:\/\/mket.hu\/index.php\/author\/admin\/"},"comments_num":"0 comments","yoast_head":"<!-- This site is optimized with the Yoast SEO plugin v22.0 - https:\/\/yoast.com\/wordpress\/plugins\/seo\/ -->\n<title>R\u00f3lunk - MKET<\/title>\n<meta name=\"robots\" content=\"index, follow, max-snippet:-1, max-image-preview:large, max-video-preview:-1\" \/>\n<link rel=\"canonical\" href=\"https:\/\/mket.hu\/index.php\/rolunk\/\" \/>\n<meta property=\"og:locale\" content=\"hu_HU\" \/>\n<meta property=\"og:type\" content=\"article\" \/>\n<meta property=\"og:title\" content=\"R\u00f3lunk - MKET\" \/>\n<meta property=\"og:description\" content=\"[vc_row][vc_column width=&#8221;1\/3&#8243;][vc_single_image image=&#8221;7549&#8243; img_size=&#8221;full&#8221;][\/vc_column][vc_column width=&#8221;2\/3&#8243;][vc_custom_heading text=&#8221;R\u00f3lunk&#8221; font_container=&#8221;tag:h2|font_size:65px|text_align:left|color:%236d6d6d|line_height:90px&#8221; google_fonts=&#8221;font_family:Ubuntu%3A300%2C300italic%2Cregular%2Citalic%2C500%2C500italic%2C700%2C700italic|font_style:700%20bold%20regular%3A700%3Anormal&#8221; css_animation=&#8221;bounceIn&#8221; css=&#8221;.vc_custom_1617276795823{border-radius: 4px !important;}&#8221;][\/vc_column][\/vc_row][vc_row][vc_column][vc_gallery interval=&#8221;3&#8243; images=&#8221;7519,7525,7526,7536&#8243; img_size=&#8221;full&#8221;][vc_row_inner][vc_column_inner width=&#8221;1\/2&#8243;][vc_column_text] 2012:\u00a0Az MKET eln\u00f6k\u00e9v\u00e9 v\u00e1lasztj\u00e1k Rudolf Viktort, m\u00edg szakmai aleln\u00f6knek Papp Andr\u00e1st. Ugyanebben az \u00e9vben Dr. Kiss Csab\u00e1t bev\u00e1lasztj\u00e1k a Cogen Europe eln\u00f6ks\u00e9g\u00e9be. 2014:\u00a0Mostant\u00f3l m\u00e1r az \u00e9v legjobb szab\u00e1lyoz\u00f3 k\u00f6zpontja d\u00edjra is lehet p\u00e1ly\u00e1zni. 2016: Az MKET \u00faj eln\u00f6ke dr. [&hellip;]\" \/>\n<meta property=\"og:url\" content=\"https:\/\/mket.hu\/index.php\/rolunk\/\" \/>\n<meta property=\"og:site_name\" content=\"MKET\" \/>\n<meta property=\"article:modified_time\" content=\"2021-04-01T11:34:20+00:00\" \/>\n<meta property=\"og:image\" content=\"https:\/\/mket.hu\/wp-content\/uploads\/2021\/04\/mket_logo_300x118_png.png\" \/>\n\t<meta property=\"og:image:width\" content=\"300\" \/>\n\t<meta property=\"og:image:height\" content=\"118\" \/>\n\t<meta property=\"og:image:type\" content=\"image\/png\" \/>\n<meta name=\"twitter:card\" content=\"summary_large_image\" \/>\n<meta name=\"twitter:label1\" content=\"Becs\u00fclt olvas\u00e1si id\u0151\" \/>\n\t<meta name=\"twitter:data1\" content=\"3 perc\" \/>\n<script type=\"application\/ld+json\" class=\"yoast-schema-graph\">{\"@context\":\"https:\/\/schema.org\",\"@graph\":[{\"@type\":\"WebPage\",\"@id\":\"https:\/\/mket.hu\/index.php\/rolunk\/\",\"url\":\"https:\/\/mket.hu\/index.php\/rolunk\/\",\"name\":\"R\u00f3lunk - MKET\",\"isPartOf\":{\"@id\":\"https:\/\/mket.hu\/#website\"},\"datePublished\":\"2021-03-27T14:20:52+00:00\",\"dateModified\":\"2021-04-01T11:34:20+00:00\",\"breadcrumb\":{\"@id\":\"https:\/\/mket.hu\/index.php\/rolunk\/#breadcrumb\"},\"inLanguage\":\"hu\",\"potentialAction\":[{\"@type\":\"ReadAction\",\"target\":[\"https:\/\/mket.hu\/index.php\/rolunk\/\"]}]},{\"@type\":\"BreadcrumbList\",\"@id\":\"https:\/\/mket.hu\/index.php\/rolunk\/#breadcrumb\",\"itemListElement\":[{\"@type\":\"ListItem\",\"position\":1,\"name\":\"Kezd\u0151lap\",\"item\":\"https:\/\/mket.hu\/\"},{\"@type\":\"ListItem\",\"position\":2,\"name\":\"R\u00f3lunk\"}]},{\"@type\":\"WebSite\",\"@id\":\"https:\/\/mket.hu\/#website\",\"url\":\"https:\/\/mket.hu\/\",\"name\":\"MKET\",\"description\":\"Magyar Kapcsolt Energia T\u00e1rsas\u00e1g\",\"potentialAction\":[{\"@type\":\"SearchAction\",\"target\":{\"@type\":\"EntryPoint\",\"urlTemplate\":\"https:\/\/mket.hu\/?s={search_term_string}\"},\"query-input\":\"required name=search_term_string\"}],\"inLanguage\":\"hu\"}]}<\/script>\n<!-- \/ Yoast SEO plugin. -->","yoast_head_json":{"title":"R\u00f3lunk - MKET","robots":{"index":"index","follow":"follow","max-snippet":"max-snippet:-1","max-image-preview":"max-image-preview:large","max-video-preview":"max-video-preview:-1"},"canonical":"https:\/\/mket.hu\/index.php\/rolunk\/","og_locale":"hu_HU","og_type":"article","og_title":"R\u00f3lunk - MKET","og_description":"[vc_row][vc_column width=&#8221;1\/3&#8243;][vc_single_image image=&#8221;7549&#8243; img_size=&#8221;full&#8221;][\/vc_column][vc_column width=&#8221;2\/3&#8243;][vc_custom_heading text=&#8221;R\u00f3lunk&#8221; font_container=&#8221;tag:h2|font_size:65px|text_align:left|color:%236d6d6d|line_height:90px&#8221; google_fonts=&#8221;font_family:Ubuntu%3A300%2C300italic%2Cregular%2Citalic%2C500%2C500italic%2C700%2C700italic|font_style:700%20bold%20regular%3A700%3Anormal&#8221; css_animation=&#8221;bounceIn&#8221; css=&#8221;.vc_custom_1617276795823{border-radius: 4px !important;}&#8221;][\/vc_column][\/vc_row][vc_row][vc_column][vc_gallery interval=&#8221;3&#8243; images=&#8221;7519,7525,7526,7536&#8243; img_size=&#8221;full&#8221;][vc_row_inner][vc_column_inner width=&#8221;1\/2&#8243;][vc_column_text] 2012:\u00a0Az MKET eln\u00f6k\u00e9v\u00e9 v\u00e1lasztj\u00e1k Rudolf Viktort, m\u00edg szakmai aleln\u00f6knek Papp Andr\u00e1st. Ugyanebben az \u00e9vben Dr. Kiss Csab\u00e1t bev\u00e1lasztj\u00e1k a Cogen Europe eln\u00f6ks\u00e9g\u00e9be. 2014:\u00a0Mostant\u00f3l m\u00e1r az \u00e9v legjobb szab\u00e1lyoz\u00f3 k\u00f6zpontja d\u00edjra is lehet p\u00e1ly\u00e1zni. 2016: Az MKET \u00faj eln\u00f6ke dr. [&hellip;]","og_url":"https:\/\/mket.hu\/index.php\/rolunk\/","og_site_name":"MKET","article_modified_time":"2021-04-01T11:34:20+00:00","og_image":[{"width":300,"height":118,"url":"https:\/\/mket.hu\/wp-content\/uploads\/2021\/04\/mket_logo_300x118_png.png","type":"image\/png"}],"twitter_card":"summary_large_image","twitter_misc":{"Becs\u00fclt olvas\u00e1si id\u0151":"3 perc"},"schema":{"@context":"https:\/\/schema.org","@graph":[{"@type":"WebPage","@id":"https:\/\/mket.hu\/index.php\/rolunk\/","url":"https:\/\/mket.hu\/index.php\/rolunk\/","name":"R\u00f3lunk - MKET","isPartOf":{"@id":"https:\/\/mket.hu\/#website"},"datePublished":"2021-03-27T14:20:52+00:00","dateModified":"2021-04-01T11:34:20+00:00","breadcrumb":{"@id":"https:\/\/mket.hu\/index.php\/rolunk\/#breadcrumb"},"inLanguage":"hu","potentialAction":[{"@type":"ReadAction","target":["https:\/\/mket.hu\/index.php\/rolunk\/"]}]},{"@type":"BreadcrumbList","@id":"https:\/\/mket.hu\/index.php\/rolunk\/#breadcrumb","itemListElement":[{"@type":"ListItem","position":1,"name":"Kezd\u0151lap","item":"https:\/\/mket.hu\/"},{"@type":"ListItem","position":2,"name":"R\u00f3lunk"}]},{"@type":"WebSite","@id":"https:\/\/mket.hu\/#website","url":"https:\/\/mket.hu\/","name":"MKET","description":"Magyar Kapcsolt Energia T\u00e1rsas\u00e1g","potentialAction":[{"@type":"SearchAction","target":{"@type":"EntryPoint","urlTemplate":"https:\/\/mket.hu\/?s={search_term_string}"},"query-input":"required name=search_term_string"}],"inLanguage":"hu"}]}},"_links":{"self":[{"href":"https:\/\/mket.hu\/index.php\/wp-json\/wp\/v2\/pages\/7530","targetHints":{"allow":["GET"]}}],"collection":[{"href":"https:\/\/mket.hu\/index.php\/wp-json\/wp\/v2\/pages"}],"about":[{"href":"https:\/\/mket.hu\/index.php\/wp-json\/wp\/v2\/types\/page"}],"author":[{"embeddable":true,"href":"https:\/\/mket.hu\/index.php\/wp-json\/wp\/v2\/users\/1"}],"replies":[{"embeddable":true,"href":"https:\/\/mket.hu\/index.php\/wp-json\/wp\/v2\/comments?post=7530"}],"version-history":[{"count":10,"href":"https:\/\/mket.hu\/index.php\/wp-json\/wp\/v2\/pages\/7530\/revisions"}],"predecessor-version":[{"id":7551,"href":"https:\/\/mket.hu\/index.php\/wp-json\/wp\/v2\/pages\/7530\/revisions\/7551"}],"wp:attachment":[{"href":"https:\/\/mket.hu\/index.php\/wp-json\/wp\/v2\/media?parent=7530"}],"curies":[{"name":"wp","href":"https:\/\/api.w.org\/{rel}","templated":true}]}}