{"id":7552,"date":"2021-04-01T11:36:00","date_gmt":"2021-04-01T11:36:00","guid":{"rendered":"http:\/\/dev.mket.hu\/?page_id=7552"},"modified":"2025-11-17T15:25:07","modified_gmt":"2025-11-17T15:25:07","slug":"kuldetes","status":"publish","type":"page","link":"https:\/\/mket.hu\/index.php\/kuldetes\/","title":{"rendered":"K\u00fcldet\u00e9s"},"content":{"rendered":"<p>[vc_row][vc_column width=&#8221;1\/3&#8243;][vc_single_image image=&#8221;7549&#8243; img_size=&#8221;full&#8221;][\/vc_column][vc_column width=&#8221;2\/3&#8243;][vc_custom_heading text=&#8221;K\u00fcldet\u00e9s&#8221; font_container=&#8221;tag:h2|font_size:65px|text_align:left|color:%236d6d6d|line_height:90px&#8221; google_fonts=&#8221;font_family:Ubuntu%3A300%2C300italic%2Cregular%2Citalic%2C500%2C500italic%2C700%2C700italic|font_style:700%20bold%20regular%3A700%3Anormal&#8221; css_animation=&#8221;bounceIn&#8221; css=&#8221;.vc_custom_1617277013538{border-radius: 4px !important;}&#8221;][\/vc_column][\/vc_row][vc_row][vc_column][vc_column_text]<\/p>\n<h3><strong>Bemutatkozik a Magyar Kapcsolt Energia T\u00e1rsas\u00e1g (MKET)<\/strong><\/h3>\n<p>[\/vc_column_text][\/vc_column][\/vc_row][vc_row][vc_column][vc_tta_tour style=&#8221;modern&#8221; color=&#8221;sky&#8221; gap=&#8221;3&#8243; active_section=&#8221;1&#8243;][vc_tta_section title=&#8221;K\u00fcldet\u00e9s&#8221; tab_id=&#8221;1617277087657-ac270cf9-4f90&#8243;][vc_column_text]A Magyar Kapcsolt Energia T\u00e1rsas\u00e1g (MKET) 1996-ban alakult azzal a c\u00e9llal, hogy a hazai kapcsolt h\u0151- \u00e9s villamosenergia-termel\u00e9st szakmailag t\u00e1mogassa, emellett ell\u00e1ssa a kapcsolt energiatermel\u00e9sben \u00e9rdekelt jogi \u00e9s mag\u00e1nszem\u00e9lyek szakmai \u00e9rdekk\u00e9pviselet\u00e9t, tov\u00e1bb\u00e1 tudom\u00e1nyos \u00e9s oktat\u00e1si tev\u00e9kenys\u00e9g\u00e9vel terjessze, n\u00e9pszer\u0171s\u00edtse a kapcsolt energiatermel\u00e9ssel \u00f6sszef\u00fcgg\u0151 ismereteket, technol\u00f3gi\u00e1kat.<\/p>\n<p>A t\u00e1rsas\u00e1g teljesen ny\u00edlt, b\u00e1rmely jogi, vagy term\u00e9szetes szem\u00e9ly tagja lehet, aki az\u00a0<a href=\"http:\/\/teszt.s50.mediacenter5.hu\/MKET\/rolunk\/alapszabaly\/\">alapszab\u00e1lyt\u00a0<\/a>elfogadja. A Magyar Kapcsolt Energia T\u00e1rsas\u00e1gnak 36 jogi szem\u00e9ly \u00e9s 34 mag\u00e1nszem\u00e9ly tagja van. A t\u00e1rsas\u00e1g tags\u00e1g\u00e1t \u00e9s szakmai s\u00faly\u00e1t tekintve az egyik legjelent\u0151sebb szakmai szervez\u0151d\u00e9s az energetika, a villamosenergia- \u00e9s h\u0151termel\u00e9s ter\u00fclet\u00e9n. A Magyar Kapcsolt Energia T\u00e1rsas\u00e1g tagjai sor\u00e1ban tudja a jelent\u0151s, villamos energi\u00e1t \u00e9s h\u0151t kapcsoltan termel\u0151 er\u0151m\u0171veket, az ipari, saj\u00e1t c\u00e9l\u00fa er\u0151m\u0171vek t\u00f6bbs\u00e9g\u00e9t, sz\u00e1mos h\u0151szolg\u00e1ltat\u00f3 er\u0151m\u0171vet, g\u00e1zmotoros l\u00e9tes\u00edtm\u00e9nyeket, valamint e ter\u00fcleten \u00e9rdekelt gy\u00e1rt\u00f3kat, \u00e1ram- \u00e9s g\u00e1zszolg\u00e1ltat\u00f3 t\u00e1rsas\u00e1gokat, tov\u00e1bb\u00e1 m\u00e9rn\u00f6kirod\u00e1kat \u00e9s biztos\u00edt\u00f3t\u00e1rsas\u00e1gokat.<\/p>\n<p>A Magyar Kapcsolt Energia T\u00e1rsas\u00e1g a br\u00fcsszeli sz\u00e9khely\u0171\u00a0<a href=\"https:\/\/www.cogeneurope.eu\/\">COGEN-EUROPE<\/a>\u00a0nemzetk\u00f6zi szervezet teljes jog\u00fa tagjak\u00e9nt akt\u00edvan r\u00e9szt vesz a tev\u00e9kenys\u00e9gi ter\u00fclet\u00e9t \u00e9rint\u0151 nemzetk\u00f6zi szakmai munk\u00e1ban.[\/vc_column_text][\/vc_tta_section][vc_tta_section title=&#8221;A t\u00e1rsas\u00e1g c\u00e9ljai&#8221; tab_id=&#8221;1617277087657-963dccc0-c254&#8243;][vc_column_text]<\/p>\n<ul>\n<li>Tev\u00e9kenys\u00e9gi ter\u00fclet\u00e9n el\u0151seg\u00edti \u00e9s k\u00e9pviseli a kapcsolt energiatermel\u00e9s k\u00f6rnyezetv\u00e9delmi \u00e9s gazdas\u00e1gi el\u0151nyeinek \u00e9rv\u00e9nyes\u00fcl\u00e9s\u00e9t;<\/li>\n<li>Szakter\u00fclet\u00e9n tagjain kereszt\u00fcl ell\u00e1tja az \u00e9rdekk\u00e9pviseleti, \u00e9rdekegyeztet\u0151 \u00e9s kapcsolattart\u00f3 feladatokat, bele\u00e9rtve az energetika ter\u00fcletein m\u0171k\u00f6d\u0151 szakmai szervezetekben a helyi, orsz\u00e1gos \u00e9s nemzetk\u00f6zi szint\u0171 k\u00e9pviseletet;<\/li>\n<li>Szakmai-gazdas\u00e1gi kapcsolatokat \u00e9p\u00edt ki \u00e9s tart fenn a nemzetk\u00f6zi szervezetekkel \u00e9s a k\u00fclf\u00f6ldi energetikai t\u00e1rsas\u00e1gokkal, az Eur\u00f3pai Uni\u00f3 e ter\u00fcleten m\u0171k\u00f6d\u0151 szervezeteivel;<\/li>\n<li>Sz\u00e9lesk\u00f6r\u0171 szakmai ismeretterjeszt\u00e9st v\u00e9gez a kapcsolt energiatermel\u00e9s el\u0151nyeinek megismertet\u00e9s\u00e9re;<\/li>\n<li>Tagjai sz\u00e1m\u00e1ra korszer\u0171 \u00e9s naprak\u00e9sz szakmai inform\u00e1ci\u00f3kat \u00e9s tan\u00e1csad\u00e1st biztos\u00edt;<\/li>\n<li>K\u00f6zrem\u0171k\u00f6dik a szakter\u00fclet\u00e9t \u00e9rint\u0151 hazai jogszab\u00e1lyok el\u0151k\u00e9sz\u00edt\u00e9s\u00e9ben, a szakter\u00fcletet szab\u00e1lyoz\u00e1si rendszer\u00e9nek kialak\u00edt\u00e1s\u00e1ban, a tagok egyeztetett v\u00e9lem\u00e9nye alapj\u00e1n \u00e1ll\u00e1st foglal a kapcsolt energiatermel\u00e9st \u00e9rint\u0151 korm\u00e1nyzati, \u00e1gazati jogszab\u00e1lytervezetekkel kapcsolatban, figyelemmel k\u00eds\u00e9rve azok gyakorlati \u00e9rv\u00e9nyes\u00fcl\u00e9s\u00e9t \u00e9s az illet\u00e9kes szervekn\u00e9l esetlegesen kezdem\u00e9nyezi azok fel\u00fclvizsg\u00e1lat\u00e1t, m\u00f3dos\u00edt\u00e1s\u00e1t;<\/li>\n<li>Kapcsolatot tart a fels\u0151oktat\u00e1si int\u00e9zm\u00e9nyekkel \u00e9s r\u00e9szt vesz kapcsolt energiatermel\u00e9ssel \u00f6sszef\u00fcgg\u0151 oktat\u00e1sban, kezdem\u00e9nyezi kutat\u00e1s-fejleszt\u00e9si programok ind\u00edt\u00e1s\u00e1t.<\/li>\n<\/ul>\n<p>[\/vc_column_text][\/vc_tta_section][\/vc_tta_tour][\/vc_column][\/vc_row][vc_row][vc_column][vc_single_image image=&#8221;9102&#8243; img_size=&#8221;large&#8221; alignment=&#8221;center&#8221;][\/vc_column][\/vc_row]<\/p>\n","protected":false},"excerpt":{"rendered":"<p>[vc_row][vc_column width=&#8221;1\/3&#8243;][vc_single_image image=&#8221;7549&#8243; img_size=&#8221;full&#8221;][\/vc_column][vc_column width=&#8221;2\/3&#8243;][vc_custom_heading text=&#8221;K\u00fcldet\u00e9s&#8221; font_container=&#8221;tag:h2|font_size:65px|text_align:left|color:%236d6d6d|line_height:90px&#8221; google_fonts=&#8221;font_family:Ubuntu%3A300%2C300italic%2Cregular%2Citalic%2C500%2C500italic%2C700%2C700italic|font_style:700%20bold%20regular%3A700%3Anormal&#8221; css_animation=&#8221;bounceIn&#8221; css=&#8221;.vc_custom_1617277013538{border-radius: 4px !important;}&#8221;][\/vc_column][\/vc_row][vc_row][vc_column][vc_column_text] Bemutatkozik a Magyar Kapcsolt Energia T\u00e1rsas\u00e1g (MKET) [\/vc_column_text][\/vc_column][\/vc_row][vc_row][vc_column][vc_tta_tour style=&#8221;modern&#8221; color=&#8221;sky&#8221; gap=&#8221;3&#8243; active_section=&#8221;1&#8243;][vc_tta_section title=&#8221;K\u00fcldet\u00e9s&#8221; tab_id=&#8221;1617277087657-ac270cf9-4f90&#8243;][vc_column_text]A Magyar Kapcsolt Energia T\u00e1rsas\u00e1g (MKET) 1996-ban alakult azzal a c\u00e9llal, hogy a hazai kapcsolt h\u0151- \u00e9s villamosenergia-termel\u00e9st szakmailag t\u00e1mogassa, emellett ell\u00e1ssa a kapcsolt energiatermel\u00e9sben \u00e9rdekelt jogi \u00e9s mag\u00e1nszem\u00e9lyek szakmai [&hellip;]<\/p>\n","protected":false},"author":1,"featured_media":0,"parent":0,"menu_order":0,"comment_status":"closed","ping_status":"closed","template":"","meta":{"footnotes":""},"class_list":["post-7552","page","type-page","status-publish","hentry"],"featured_image_urls":{"full":"","thumbnail":"","medium":"","medium_large":"","large":"","mt_1250x700":"","mt_320x480":"","mt_900x550":"","1536x1536":"","2048x2048":"","yankeewp_related_post_pic500x300":"","yankeewp_post_pic700x450":"","yankeewp_post_widget_pic100x100":"","yankeewp_530x600":"","yankeewp_1150x400":"","yankeewp_1420x140":"","yankeewp_testimonials_150x150":"","yankeewp_clients_160x90":"","yankeewp_portfolio01_390x275":"","yankeewp_blogpost01_1420x170":"","yankeewp_about_625x415":"","yankeewp_testimonials02_250x530":""},"post_excerpt_stackable":"<p>[vc_row][vc_column width=&#8221;1\/3&#8243;][vc_single_image image=&#8221;7549&#8243; img_size=&#8221;full&#8221;][\/vc_column][vc_column width=&#8221;2\/3&#8243;][vc_custom_heading text=&#8221;K\u00fcldet\u00e9s&#8221; font_container=&#8221;tag:h2|font_size:65px|text_align:left|color:%236d6d6d|line_height:90px&#8221; google_fonts=&#8221;font_family:Ubuntu%3A300%2C300italic%2Cregular%2Citalic%2C500%2C500italic%2C700%2C700italic|font_style:700%20bold%20regular%3A700%3Anormal&#8221; css_animation=&#8221;bounceIn&#8221; css=&#8221;.vc_custom_1617277013538{border-radius: 4px !important;}&#8221;][\/vc_column][\/vc_row][vc_row][vc_column][vc_column_text] Bemutatkozik a Magyar Kapcsolt Energia T\u00e1rsas\u00e1g (MKET) [\/vc_column_text][\/vc_column][\/vc_row][vc_row][vc_column][vc_tta_tour style=&#8221;modern&#8221; color=&#8221;sky&#8221; gap=&#8221;3&#8243; active_section=&#8221;1&#8243;][vc_tta_section title=&#8221;K\u00fcldet\u00e9s&#8221; tab_id=&#8221;1617277087657-ac270cf9-4f90&#8243;][vc_column_text]A Magyar Kapcsolt Energia T\u00e1rsas\u00e1g (MKET) 1996-ban alakult azzal a c\u00e9llal, hogy a hazai kapcsolt h\u0151- \u00e9s villamosenergia-termel\u00e9st szakmailag t\u00e1mogassa, emellett ell\u00e1ssa a kapcsolt energiatermel\u00e9sben \u00e9rdekelt jogi \u00e9s mag\u00e1nszem\u00e9lyek szakmai \u00e9rdekk\u00e9pviselet\u00e9t, tov\u00e1bb\u00e1 tudom\u00e1nyos \u00e9s oktat\u00e1si tev\u00e9kenys\u00e9g\u00e9vel terjessze, n\u00e9pszer\u0171s\u00edtse a kapcsolt energiatermel\u00e9ssel \u00f6sszef\u00fcgg\u0151 ismereteket, technol\u00f3gi\u00e1kat. A t\u00e1rsas\u00e1g teljesen ny\u00edlt, b\u00e1rmely jogi, vagy term\u00e9szetes szem\u00e9ly tagja lehet, aki az\u00a0alapszab\u00e1lyt\u00a0elfogadja. A Magyar Kapcsolt Energia T\u00e1rsas\u00e1gnak 36 jogi szem\u00e9ly \u00e9s 34 mag\u00e1nszem\u00e9ly tagja van. A t\u00e1rsas\u00e1g tags\u00e1g\u00e1t \u00e9s szakmai&hellip;<\/p>\n","category_list":"","author_info":{"name":"admin","url":"https:\/\/mket.hu\/index.php\/author\/admin\/"},"comments_num":"0 comments","yoast_head":"<!-- This site is optimized with the Yoast SEO plugin v22.0 - https:\/\/yoast.com\/wordpress\/plugins\/seo\/ -->\n<title>K\u00fcldet\u00e9s - MKET<\/title>\n<meta name=\"robots\" content=\"index, follow, max-snippet:-1, max-image-preview:large, max-video-preview:-1\" \/>\n<link rel=\"canonical\" href=\"https:\/\/mket.hu\/index.php\/kuldetes\/\" \/>\n<meta property=\"og:locale\" content=\"hu_HU\" \/>\n<meta property=\"og:type\" content=\"article\" \/>\n<meta property=\"og:title\" content=\"K\u00fcldet\u00e9s - MKET\" \/>\n<meta property=\"og:description\" content=\"[vc_row][vc_column width=&#8221;1\/3&#8243;][vc_single_image image=&#8221;7549&#8243; img_size=&#8221;full&#8221;][\/vc_column][vc_column width=&#8221;2\/3&#8243;][vc_custom_heading text=&#8221;K\u00fcldet\u00e9s&#8221; font_container=&#8221;tag:h2|font_size:65px|text_align:left|color:%236d6d6d|line_height:90px&#8221; google_fonts=&#8221;font_family:Ubuntu%3A300%2C300italic%2Cregular%2Citalic%2C500%2C500italic%2C700%2C700italic|font_style:700%20bold%20regular%3A700%3Anormal&#8221; css_animation=&#8221;bounceIn&#8221; css=&#8221;.vc_custom_1617277013538{border-radius: 4px !important;}&#8221;][\/vc_column][\/vc_row][vc_row][vc_column][vc_column_text] Bemutatkozik a Magyar Kapcsolt Energia T\u00e1rsas\u00e1g (MKET) [\/vc_column_text][\/vc_column][\/vc_row][vc_row][vc_column][vc_tta_tour style=&#8221;modern&#8221; color=&#8221;sky&#8221; gap=&#8221;3&#8243; active_section=&#8221;1&#8243;][vc_tta_section title=&#8221;K\u00fcldet\u00e9s&#8221; tab_id=&#8221;1617277087657-ac270cf9-4f90&#8243;][vc_column_text]A Magyar Kapcsolt Energia T\u00e1rsas\u00e1g (MKET) 1996-ban alakult azzal a c\u00e9llal, hogy a hazai kapcsolt h\u0151- \u00e9s villamosenergia-termel\u00e9st szakmailag t\u00e1mogassa, emellett ell\u00e1ssa a kapcsolt energiatermel\u00e9sben \u00e9rdekelt jogi \u00e9s mag\u00e1nszem\u00e9lyek szakmai [&hellip;]\" \/>\n<meta property=\"og:url\" content=\"https:\/\/mket.hu\/index.php\/kuldetes\/\" \/>\n<meta property=\"og:site_name\" content=\"MKET\" \/>\n<meta property=\"article:modified_time\" content=\"2025-11-17T15:25:07+00:00\" \/>\n<meta property=\"og:image\" content=\"https:\/\/mket.hu\/wp-content\/uploads\/2021\/04\/mket_logo_300x118_png.png\" \/>\n\t<meta property=\"og:image:width\" content=\"300\" \/>\n\t<meta property=\"og:image:height\" content=\"118\" \/>\n\t<meta property=\"og:image:type\" content=\"image\/png\" \/>\n<meta name=\"twitter:card\" content=\"summary_large_image\" \/>\n<meta name=\"twitter:label1\" content=\"Becs\u00fclt olvas\u00e1si id\u0151\" \/>\n\t<meta name=\"twitter:data1\" content=\"3 perc\" \/>\n<script type=\"application\/ld+json\" class=\"yoast-schema-graph\">{\"@context\":\"https:\/\/schema.org\",\"@graph\":[{\"@type\":\"WebPage\",\"@id\":\"https:\/\/mket.hu\/index.php\/kuldetes\/\",\"url\":\"https:\/\/mket.hu\/index.php\/kuldetes\/\",\"name\":\"K\u00fcldet\u00e9s - MKET\",\"isPartOf\":{\"@id\":\"https:\/\/mket.hu\/#website\"},\"datePublished\":\"2021-04-01T11:36:00+00:00\",\"dateModified\":\"2025-11-17T15:25:07+00:00\",\"breadcrumb\":{\"@id\":\"https:\/\/mket.hu\/index.php\/kuldetes\/#breadcrumb\"},\"inLanguage\":\"hu\",\"potentialAction\":[{\"@type\":\"ReadAction\",\"target\":[\"https:\/\/mket.hu\/index.php\/kuldetes\/\"]}]},{\"@type\":\"BreadcrumbList\",\"@id\":\"https:\/\/mket.hu\/index.php\/kuldetes\/#breadcrumb\",\"itemListElement\":[{\"@type\":\"ListItem\",\"position\":1,\"name\":\"Kezd\u0151lap\",\"item\":\"https:\/\/mket.hu\/\"},{\"@type\":\"ListItem\",\"position\":2,\"name\":\"K\u00fcldet\u00e9s\"}]},{\"@type\":\"WebSite\",\"@id\":\"https:\/\/mket.hu\/#website\",\"url\":\"https:\/\/mket.hu\/\",\"name\":\"MKET\",\"description\":\"Magyar Kapcsolt Energia T\u00e1rsas\u00e1g\",\"potentialAction\":[{\"@type\":\"SearchAction\",\"target\":{\"@type\":\"EntryPoint\",\"urlTemplate\":\"https:\/\/mket.hu\/?s={search_term_string}\"},\"query-input\":\"required name=search_term_string\"}],\"inLanguage\":\"hu\"}]}<\/script>\n<!-- \/ Yoast SEO plugin. -->","yoast_head_json":{"title":"K\u00fcldet\u00e9s - MKET","robots":{"index":"index","follow":"follow","max-snippet":"max-snippet:-1","max-image-preview":"max-image-preview:large","max-video-preview":"max-video-preview:-1"},"canonical":"https:\/\/mket.hu\/index.php\/kuldetes\/","og_locale":"hu_HU","og_type":"article","og_title":"K\u00fcldet\u00e9s - MKET","og_description":"[vc_row][vc_column width=&#8221;1\/3&#8243;][vc_single_image image=&#8221;7549&#8243; img_size=&#8221;full&#8221;][\/vc_column][vc_column width=&#8221;2\/3&#8243;][vc_custom_heading text=&#8221;K\u00fcldet\u00e9s&#8221; font_container=&#8221;tag:h2|font_size:65px|text_align:left|color:%236d6d6d|line_height:90px&#8221; google_fonts=&#8221;font_family:Ubuntu%3A300%2C300italic%2Cregular%2Citalic%2C500%2C500italic%2C700%2C700italic|font_style:700%20bold%20regular%3A700%3Anormal&#8221; css_animation=&#8221;bounceIn&#8221; css=&#8221;.vc_custom_1617277013538{border-radius: 4px !important;}&#8221;][\/vc_column][\/vc_row][vc_row][vc_column][vc_column_text] Bemutatkozik a Magyar Kapcsolt Energia T\u00e1rsas\u00e1g (MKET) [\/vc_column_text][\/vc_column][\/vc_row][vc_row][vc_column][vc_tta_tour style=&#8221;modern&#8221; color=&#8221;sky&#8221; gap=&#8221;3&#8243; active_section=&#8221;1&#8243;][vc_tta_section title=&#8221;K\u00fcldet\u00e9s&#8221; tab_id=&#8221;1617277087657-ac270cf9-4f90&#8243;][vc_column_text]A Magyar Kapcsolt Energia T\u00e1rsas\u00e1g (MKET) 1996-ban alakult azzal a c\u00e9llal, hogy a hazai kapcsolt h\u0151- \u00e9s villamosenergia-termel\u00e9st szakmailag t\u00e1mogassa, emellett ell\u00e1ssa a kapcsolt energiatermel\u00e9sben \u00e9rdekelt jogi \u00e9s mag\u00e1nszem\u00e9lyek szakmai [&hellip;]","og_url":"https:\/\/mket.hu\/index.php\/kuldetes\/","og_site_name":"MKET","article_modified_time":"2025-11-17T15:25:07+00:00","og_image":[{"width":300,"height":118,"url":"https:\/\/mket.hu\/wp-content\/uploads\/2021\/04\/mket_logo_300x118_png.png","type":"image\/png"}],"twitter_card":"summary_large_image","twitter_misc":{"Becs\u00fclt olvas\u00e1si id\u0151":"3 perc"},"schema":{"@context":"https:\/\/schema.org","@graph":[{"@type":"WebPage","@id":"https:\/\/mket.hu\/index.php\/kuldetes\/","url":"https:\/\/mket.hu\/index.php\/kuldetes\/","name":"K\u00fcldet\u00e9s - MKET","isPartOf":{"@id":"https:\/\/mket.hu\/#website"},"datePublished":"2021-04-01T11:36:00+00:00","dateModified":"2025-11-17T15:25:07+00:00","breadcrumb":{"@id":"https:\/\/mket.hu\/index.php\/kuldetes\/#breadcrumb"},"inLanguage":"hu","potentialAction":[{"@type":"ReadAction","target":["https:\/\/mket.hu\/index.php\/kuldetes\/"]}]},{"@type":"BreadcrumbList","@id":"https:\/\/mket.hu\/index.php\/kuldetes\/#breadcrumb","itemListElement":[{"@type":"ListItem","position":1,"name":"Kezd\u0151lap","item":"https:\/\/mket.hu\/"},{"@type":"ListItem","position":2,"name":"K\u00fcldet\u00e9s"}]},{"@type":"WebSite","@id":"https:\/\/mket.hu\/#website","url":"https:\/\/mket.hu\/","name":"MKET","description":"Magyar Kapcsolt Energia T\u00e1rsas\u00e1g","potentialAction":[{"@type":"SearchAction","target":{"@type":"EntryPoint","urlTemplate":"https:\/\/mket.hu\/?s={search_term_string}"},"query-input":"required name=search_term_string"}],"inLanguage":"hu"}]}},"_links":{"self":[{"href":"https:\/\/mket.hu\/index.php\/wp-json\/wp\/v2\/pages\/7552","targetHints":{"allow":["GET"]}}],"collection":[{"href":"https:\/\/mket.hu\/index.php\/wp-json\/wp\/v2\/pages"}],"about":[{"href":"https:\/\/mket.hu\/index.php\/wp-json\/wp\/v2\/types\/page"}],"author":[{"embeddable":true,"href":"https:\/\/mket.hu\/index.php\/wp-json\/wp\/v2\/users\/1"}],"replies":[{"embeddable":true,"href":"https:\/\/mket.hu\/index.php\/wp-json\/wp\/v2\/comments?post=7552"}],"version-history":[{"count":7,"href":"https:\/\/mket.hu\/index.php\/wp-json\/wp\/v2\/pages\/7552\/revisions"}],"predecessor-version":[{"id":9103,"href":"https:\/\/mket.hu\/index.php\/wp-json\/wp\/v2\/pages\/7552\/revisions\/9103"}],"wp:attachment":[{"href":"https:\/\/mket.hu\/index.php\/wp-json\/wp\/v2\/media?parent=7552"}],"curies":[{"name":"wp","href":"https:\/\/api.w.org\/{rel}","templated":true}]}}